0 - l**4/12 + 2*l**3/3 - 7*l**2/2 + 2*l. Let k be (1 - 4)*(-345)/(-207). What is the units digit of r(k)?
8
Suppose -d + r = -63837, 15*d - 5*r = 16*d - 63843. What is the thousands digit of d?
3
What is the hundreds digit of 48*10/30 - 9 - -47803?
8
Let g = 149 - 214. Suppose -17*c + 49*c - 19*c - 8424 = 0. What is the tens digit of c/5 + 3 + g/25?
3
Let a(h) be the second derivative of h**5/10 - 17*h**4/12 - 2*h**3/3 + 7*h**2 + h + 91. Let l = 7 - -3. What is the units digit of a(l)?
4
Suppose 4*a - 246 = 3*r, -r - 3*a - 64 = 5. What is the units digit of (0 + 1)/((r/(-2622))/13)?
7
Suppose 5*k = 5*v + 20, v + 2*k - 6 - 2 = 0. Suppose v = z - 16*z + 25125. What is the hundreds digit of z?
6
Let h(q) = 7*q - 33. Let k = 87 - 80. Let i be h(k). What is the units digit of (-1434)/(-22) + i/(-88)?
5
Suppose x + 4 = 5*c, -c + 86 = -5*x + 2*c. Let u = x - -47. What is the tens digit of (u/(-8) + 3)*-108?
5
Let d be (1 + 35/(-21))/((-3)/(-27)). What is the tens digit of (-9)/d*((-2253)/(-9) - 5)?
6
What is the tens digit of 8 + 35 + 1 - 0?
4
Let l(a) = 396*a**2 + 2*a - 2. Let s be l(1). Suppose -4*t = 44 - s. Suppose -2*o - t = -2*h - 6*o, 2*o + 156 = 3*h. What is the units digit of h?
0
Let m(f) = -1987*f - 45. Let u be m(5). What is the tens digit of (u/(-100))/((-2)/(-10))?
9
Let o be (0*1/3)/(-12 - -10). What is the tens digit of (296 + -12 + 7)*(1 - o)?
9
Let t = -47 - -37. Let j be t*2/(-5) + 294. Suppose 2*w - j = -4*h, 2*h = 3*h + 5*w - 70. What is the units digit of h?
5
Let v(d) = 2*d**3 + 8*d**2 - 5*d + 38. Let q be v(6). Suppose -247*u = -245*u - q. What is the units digit of u?
4
Let g = 38 + -31. Let z be 290/g + 3/(-7). Let l = z + -27. What is the tens digit of l?
1
Suppose -11*s - 4 + 4 = 0. Suppose 0*u + u - 149 = s. Let k = -42 + u. What is the tens digit of k?
0
Suppose 2*u = 3*t - 107649, 21*u = -4*t + 24*u + 143529. What is the units digit of t?
9
Suppose 405 = -7*w - 239. Let g = w + 211. Let s = g + -40. What is the units digit of s?
9
Let g be 5/(5/(-18))*2676/36. Let o be -6*(-6)/72 + g/(-4). Let r = o + -197. What is the units digit of r?
8
Let l = -194 + 33. Let u = 696 + l. What is the units digit of u?
5
Let f be (-8 + 14)/((-5)/((-10)/4)). Let i(p) = p + 6. What is the units digit of i(f)?
9
What is the thousands digit of ((-90)/54)/((-12)/(-326682))*18/(-15)?
4
Suppose -5*m - 29 = -69. What is the tens digit of 4650/24 + -1*(-2)/m?
9
Suppose 3*r = -14*r. Suppose r = -21*c + 3*c + 7272. What is the tens digit of c?
0
Let y be ((-2)/(-6) - 0)*(-36 - -42). Suppose y*j - 5*j = 2*h - 1131, -h = -j + 377. What is the units digit of j?
7
Suppose -30*d = 127667 + 101623 - 1145460. What is the thousands digit of d?
0
Let n(l) = 5*l**2 + 7*l + 21. Let q(c) = -c**2 - c - 1. Let x(j) = n(j) + 2*q(j). Let y be x(5). Let f = 205 - y. What is the tens digit of f?
8
Suppose 5*w - 42 - 48 = 0. What is the tens digit of (-1 - (-3 + w))*-8 + -5?
2
Suppose 55*n - 50*n + 2*v = 30338, -4*v = -4*n + 24248. What is the hundreds digit of n?
0
Suppose 150 = 114*r - 108*r. Suppose 75*d - r*d = 55150. What is the hundreds digit of d?
1
Let d(h) = -h**2 + 2. Let b(p) = -3*p**2 - 10*p + 119. Let o(z) = b(z) - 2*d(z). What is the units digit of o(-15)?
0
Let u(o) = o**3 - 5*o**2 - 2*o + 12. Let z be (-5 - (0 + 0))/(-1). Let s be u(z). Suppose 0 = -0*c + s*c + 6, -4*c - 372 = -4*x. What is the units digit of x?
0
Let j = -19 + 44091. What is the tens digit of j?
7
Let j be -3 - (-3 + -2223 + 0 + 0). Suppose 4*t - 959 - 1270 = v, -4*t = -3*v - j. Suppose -65*u = -63*u - t. What is the units digit of u?
9
Suppose 0 = -6*p + 137 + 397. Let l = 357 - p. What is the tens digit of l?
6
What is the hundreds digit of (-279535)/(-74)*(-2)/(-5)*5?
5
Let r(u) be the first derivative of -44*u**2 + 17*u + 112. What is the hundreds digit of r(-4)?
3
Suppose 2*g - 13801 = k, -3*g - 2*k = -2*g - 6913. What is the units digit of g?
3
Suppose 7*l - 10*l = -258. Let b = -187 + l. Let j = b - -184. What is the tens digit of j?
8
Suppose -13*l + 19*l = 228. Let s = l + 237. What is the hundreds digit of s?
2
Suppose -133*v = -144*v + 53427. What is the hundreds digit of v?
8
Suppose y = 13*y - 144. Let r(h) = -h**3 + 13*h**2 - 12*h - 4. Let x be r(y). What is the units digit of (13 - 0) + 6 + x?
5
Let x(l) = l**3 + 14*l**2 + 14*l + 12. Let y be x(-13). Let q be 0 - -66 - ((y - 0) + -3). Suppose -q = -t + 8. What is the units digit of t?
8
Let y = 955 - 393. Let o = y - 365. What is the tens digit of o?
9
Suppose -v - 87 = -1599. Let l be (v/(-30))/(-9) + (-6)/10. What is the tens digit of (-7 + l - 1)/((-2)/86)?
2
Suppose 4*n = s - 6, -2*n = -s + 3*s - 12. Let a be ((-3)/2)/(s/(-8)). Suppose -a*b + 4*x = -66, 3*b - 4*b + 4*x = -25. What is the tens digit of b?
4
Let f = 2047 - 715. Suppose -f = -4*x - 4*a, 1317 = 4*x - 0*a - a. What is the tens digit of x?
3
Let b(v) = 253*v**2 - 81*v + 307. What is the ten thousands digit of b(19)?
9
Suppose -60478 = -5*z - 3*v, -18*z - 2*v - 24188 = -20*z. What is the units digit of z?
5
Suppose -3*m - 3*k = -99, -4 = -3*k - 16. Let a = m + -35. Suppose -a*l + 534 = 4*l. What is the tens digit of l?
8
Suppose -2*f + 16600 = 2*b - 13634, -b + 3*f = -15093. What is the ten thousands digit of b?
1
Let w = 54 - 28. Suppose 2*p - 14 = -w. Let t = 47 + p. What is the tens digit of t?
4
Suppose 0*c - 25 = -2*c - 5*v, 2*v = -3*c + 43. Let k = 15 - c. Suppose -4*w + 102 + 90 = k. What is the tens digit of w?
4
Let m be 4/6 - 128/(-24). Suppose -31 = 17*z + 3. What is the tens digit of 514/m - (8/(-6))/z?
8
Suppose 12*p + 561 = p. What is the thousands digit of (221/p)/(1/(-414)) + 0?
1
Let b(x) = x**3 - 13*x**2 + 14*x - 19. Let y(f) = f**3 - 14*f**2 + 13*f - 17. Let n(k) = -3*b(k) + 4*y(k). What is the thousands digit of n(20)?
1
Let y(b) be the third derivative of -b**6/120 + 7*b**5/12 + 7*b**4/8 - 17*b**3/2 - 118*b**2. What is the tens digit of y(35)?
8
What is the tens digit of (4628 - (-323)/(-17))*1/1?
0
Let r = 483 + -478. Suppose 2*w = r*s + 911, -2*w - 4*s = -0*w - 866. What is the units digit of w?
3
What is the ten thousands digit of (2254/6)/(-3*(1615/405 + -4))?
1
Let d(c) = -26*c - 6. Let x be d(-3). Suppose 5*v + x = -98. Let u = v - -76. What is the units digit of u?
2
Let h = 17008 - 3741. What is the ten thousands digit of h?
1
Let g(l) = 6*l**3 + 9*l**2 + 78*l + 176. What is the tens digit of g(14)?
9
Suppose -68619 = -93*q - 82*q + 4383031. What is the ten thousands digit of q?
2
Let l be (2 + -1)/(-2 + 476/240). Let m be (l/(-9))/((-1)/6)*-2. Let q = m + -12. What is the units digit of q?
8
Let r be (5 + -41)/(-6) + 4/(-2). Suppose -6*m + m - 298 = -n, -r*n + 1156 = -2*m. Let u = n - 103. What is the units digit of u?
5
Suppose 0 = -24*o - 17109 + 184149. Suppose -45*v = -55*v + o. What is the hundreds digit of v?
6
Let i(f) = 21 - 130*f**2 + 85*f**2 + 23*f + 38*f**2 + 50*f**2. What is the thousands digit of i(5)?
1
Let u(i) = -i**3 + 8*i**2 - 5*i - 7. Let z be u(5). Suppose 18*b = 4*b + 133 - 105. Suppose b*t - z = 173. What is the hundreds digit of t?
1
Let q(r) = 10*r**2 - 27*r - 6. Let w be q(7). Suppose -w = -4*b - b. Suppose 54*x = b*x - 1375. What is the tens digit of x?
7
Suppose -11*p = -8*p + 213. Suppose 5*v - 318 - 227 = 0. Let m = v + p. What is the tens digit of m?
3
Suppose 2 = 5*a + 2*f, 0*a + 5*a - 5 = -5*f. Suppose a*h = -3*h - 2*p + 17, 4*h + 4*p - 28 = 0. Suppose 6*k = h*k + 141. What is the tens digit of k?
4
Suppose 0 = -6*p + 4*o + 26758, -1834 - 2607 = -p - 2*o. What is the hundreds digit of p?
4
Let a(p) be the third derivative of p**5/20 + p**4/4 - 10*p**3/3 + 90*p**2. What is the units digit of a(-15)?
5
Suppose -171 = -5*q - 4*g, -86*q - 2*g - 72 = -88*q. Suppose 6030 = -26*r + q*r. What is the units digit of r?
0
Let i(s) = s**2 + 4*s - 93. Let z be i(-36). What is the units digit of z/9 - 7/(-21)?
8
Let i be (-1 - 7)*43/(-86). Suppose 2361 = i*r + 4*s + s, 1762 = 3*r + 2*s. What is the units digit of r?
4
Let w(u) be the first derivative of 16*u**3/3 - 7*u**2/2 + 15*u - 34. What is the tens digit of w(6)?
4
Suppose -32657 = -f + 5*a, -9197 - 23412 = -f - 3*a. What is the ten thousands digit of f?
3
Let w = -315 - -315. Suppose -2*o + 18*n - 20*n + 1304 = w, 2573 = 4*o - 3*n. What is the u